{"id":221434,"date":"2020-04-08T15:28:33","date_gmt":"2020-04-08T13:28:33","guid":{"rendered":"https:\/\/amandinemataga.fr\/?page_id=221434"},"modified":"2020-08-01T17:37:55","modified_gmt":"2020-08-01T15:37:55","slug":"a-propos","status":"publish","type":"page","link":"https:\/\/amandinemataga.fr\/index.php\/a-propos\/","title":{"rendered":"\u00c0 propos"},"content":{"rendered":"<p>[et_pb_section fb_built=\u00a0\u00bb1&Prime; _builder_version=\u00a0\u00bb4.4.1&Prime; min_height=\u00a0\u00bb592px\u00a0\u00bb custom_padding=\u00a0\u00bb13px|87px|81px|||\u00a0\u00bb hover_enabled=\u00a0\u00bb0&Prime;][et_pb_row column_structure=\u00a0\u00bb1_2,1_2&Prime; _builder_version=\u00a0\u00bb4.4.1&Prime; module_alignment=\u00a0\u00bbcenter\u00a0\u00bb min_height=\u00a0\u00bb435px\u00a0\u00bb custom_padding=\u00a0\u00bb20px|||||\u00a0\u00bb][et_pb_column type=\u00a0\u00bb1_2&Prime; _builder_version=\u00a0\u00bb4.4.1&Prime;][et_pb_image src=\u00a0\u00bbhttps:\/\/amandinemataga.fr\/wp-content\/uploads\/2020\/04\/1010114_pp2rfinal-scaled.jpg\u00a0\u00bb align=\u00a0\u00bbcenter\u00a0\u00bb _builder_version=\u00a0\u00bb4.4.1&Prime; width=\u00a0\u00bb100%\u00a0\u00bb max_width=\u00a0\u00bb100%\u00a0\u00bb min_height=\u00a0\u00bb412px\u00a0\u00bb height=\u00a0\u00bb285px\u00a0\u00bb custom_margin=\u00a0\u00bb39px|||13px||\u00a0\u00bb custom_padding=\u00a0\u00bb|0px||||\u00a0\u00bb][\/et_pb_image][\/et_pb_column][et_pb_column type=\u00a0\u00bb1_2&Prime; _builder_version=\u00a0\u00bb4.4.1&Prime;][dsm_animated_gradient_text animated_gradient_text=\u00a0\u00bbL&rsquo;encre au coeur de la Passion\u00a0\u00bb gradient_one_color=\u00a0\u00bb#ef2d98&Prime; _builder_version=\u00a0\u00bb4.4.1&Prime; header_font=\u00a0\u00bbParisienne||||||||\u00a0\u00bb header_text_align=\u00a0\u00bbleft\u00a0\u00bb header_font_size=\u00a0\u00bb38px\u00a0\u00bb header_line_height=\u00a0\u00bb1.6em\u00a0\u00bb module_alignment=\u00a0\u00bbcenter\u00a0\u00bb custom_margin=\u00a0\u00bb|-14px|0px|||\u00a0\u00bb hover_enabled=\u00a0\u00bb0&Prime;][\/dsm_animated_gradient_text][et_pb_text _builder_version=\u00a0\u00bb4.4.1&Prime; width=\u00a0\u00bb99.7%\u00a0\u00bb min_height=\u00a0\u00bb381px\u00a0\u00bb custom_margin=\u00a0\u00bb4px|||||\u00a0\u00bb custom_padding=\u00a0\u00bb1px||14px|||\u00a0\u00bb]<\/p>\n<p style=\"text-align: justify;\">\n<p style=\"text-align: justify;\">Jeune trentenaire, Amandine MATAGA aime les mots et leur sens, \u00e9crire \u00e9tait pour elle une \u00e9vidence. Dans l&rsquo;\u00e9criture, elle trouve une \u00e9chappatoire \u00e0 son imagination d\u00e9bordante, une libert\u00e9, une envol\u00e9e.<\/p>\n<p style=\"text-align: justify;\">Romanci\u00e8re passionn\u00e9e par les \u00e9motions, elle offre des r\u00e9cits aux personnages complexes, profonds, aux pass\u00e9s multiples, \u00e0 l\u2019avenir incertain. Pourtant, chacun de ses romans est un hymne \u00e0 l\u2019amour, l\u2019amiti\u00e9, l\u2019espoir, le d\u00e9sir, la passion&#8230;<\/p>\n<p style=\"text-align: justify;\">Elle publie son premier roman, <span style=\"color: #ed009e;\"><strong>Reviens-moi<\/strong><\/span>, en 2018, le second tome est sorti en septembre 2019. Une saga sombre, addictive, sur fond de mafia, d&rsquo;amour, et d&rsquo;intrigues psychologiques haletantes.<\/p>\n<p style=\"text-align: justify;\">Le 6 mai 2020 para\u00eetra aux \u00e9ditions HQN-Harlequin sa nouvelle romance contemporaine <span style=\"color: #ef0083;\"><strong>Make you mine<\/strong><\/span>.<\/p>\n<p style=\"text-align: justify;\">Passionn\u00e9e de romances en tout genre, de nombreuses histoires sont \u00e0 pr\u00e9voir !<\/p>\n<p>[\/et_pb_text][\/et_pb_column][\/et_pb_row][\/et_pb_section]<\/p>\n","protected":false},"excerpt":{"rendered":"<p>[et_pb_section fb_built=\u00a0\u00bb1&Prime; _builder_version=\u00a0\u00bb4.4.1&Prime; min_height=\u00a0\u00bb592px\u00a0\u00bb custom_padding=\u00a0\u00bb13px|87px|81px|||\u00a0\u00bb hover_enabled=\u00a0\u00bb0&Prime;][et_pb_row column_structure=\u00a0\u00bb1_2,1_2&Prime; _builder_version=\u00a0\u00bb4.4.1&Prime; module_alignment=\u00a0\u00bbcenter\u00a0\u00bb min_height=\u00a0\u00bb435px\u00a0\u00bb custom_padding=\u00a0\u00bb20px|||||\u00a0\u00bb][et_pb_column type=\u00a0\u00bb1_2&Prime; _builder_version=\u00a0\u00bb4.4.1&Prime;][et_pb_image src=\u00a0\u00bbhttps:\/\/amandinemataga.fr\/wp-content\/uploads\/2020\/04\/1010114_pp2rfinal-scaled.jpg\u00a0\u00bb align=\u00a0\u00bbcenter\u00a0\u00bb _builder_version=\u00a0\u00bb4.4.1&Prime; width=\u00a0\u00bb100%\u00a0\u00bb max_width=\u00a0\u00bb100%\u00a0\u00bb min_height=\u00a0\u00bb412px\u00a0\u00bb height=\u00a0\u00bb285px\u00a0\u00bb custom_margin=\u00a0\u00bb39px|||13px||\u00a0\u00bb custom_padding=\u00a0\u00bb|0px||||\u00a0\u00bb][\/et_pb_image][\/et_pb_column][et_pb_column type=\u00a0\u00bb1_2&Prime; _builder_version=\u00a0\u00bb4.4.1&Prime;][dsm_animated_gradient_text animated_gradient_text=\u00a0\u00bbL&rsquo;encre au coeur de la Passion\u00a0\u00bb gradient_one_color=\u00a0\u00bb#ef2d98&Prime; _builder_version=\u00a0\u00bb4.4.1&Prime; header_font=\u00a0\u00bbParisienne||||||||\u00a0\u00bb header_text_align=\u00a0\u00bbleft\u00a0\u00bb header_font_size=\u00a0\u00bb38px\u00a0\u00bb header_line_height=\u00a0\u00bb1.6em\u00a0\u00bb module_alignment=\u00a0\u00bbcenter\u00a0\u00bb custom_margin=\u00a0\u00bb|-14px|0px|||\u00a0\u00bb hover_enabled=\u00a0\u00bb0&Prime;][\/dsm_animated_gradient_text][et_pb_text _builder_version=\u00a0\u00bb4.4.1&Prime; width=\u00a0\u00bb99.7%\u00a0\u00bb min_height=\u00a0\u00bb381px\u00a0\u00bb custom_margin=\u00a0\u00bb4px|||||\u00a0\u00bb custom_padding=\u00a0\u00bb1px||14px|||\u00a0\u00bb] Jeune trentenaire, Amandine MATAGA aime les mots et leur sens, \u00e9crire [&hellip;]<\/p>\n","protected":false},"author":1,"featured_media":0,"parent":0,"menu_order":1,"comment_status":"closed","ping_status":"closed","template":"","meta":{"_et_pb_use_builder":"on","_et_pb_old_content":"","_et_gb_content_width":"","footnotes":""},"_links":{"self":[{"href":"https:\/\/amandinemataga.fr\/index.php\/wp-json\/wp\/v2\/pages\/221434"}],"collection":[{"href":"https:\/\/amandinemataga.fr\/index.php\/wp-json\/wp\/v2\/pages"}],"about":[{"href":"https:\/\/amandinemataga.fr\/index.php\/wp-json\/wp\/v2\/types\/page"}],"author":[{"embeddable":true,"href":"https:\/\/amandinemataga.fr\/index.php\/wp-json\/wp\/v2\/users\/1"}],"replies":[{"embeddable":true,"href":"https:\/\/amandinemataga.fr\/index.php\/wp-json\/wp\/v2\/comments?post=221434"}],"version-history":[{"count":32,"href":"https:\/\/amandinemataga.fr\/index.php\/wp-json\/wp\/v2\/pages\/221434\/revisions"}],"predecessor-version":[{"id":222886,"href":"https:\/\/amandinemataga.fr\/index.php\/wp-json\/wp\/v2\/pages\/221434\/revisions\/222886"}],"wp:attachment":[{"href":"https:\/\/amandinemataga.fr\/index.php\/wp-json\/wp\/v2\/media?parent=221434"}],"curies":[{"name":"wp","href":"https:\/\/api.w.org\/{rel}","templated":true}]}}